{"id":240,"date":"2014-12-12T16:00:50","date_gmt":"2014-12-12T14:00:50","guid":{"rendered":"http:\/\/lernkreis-weinheim.de\/?page_id=240"},"modified":"2015-12-09T17:19:59","modified_gmt":"2015-12-09T15:19:59","slug":"pruefungsvorbereitung","status":"publish","type":"page","link":"https:\/\/lernkreis-weinheim.de\/index.php\/pruefungsvorbereitung\/","title":{"rendered":"Pr\u00fcfungsvorbereitung"},"content":{"rendered":"<p><a title=\"Pr\u00fcfungsvorbereitung\" href=\"https:\/\/lernkreis-weinheim.de\/index.php\/pruefungsvorbereitung\/\"><img loading=\"lazy\" class=\"alignleft wp-image-243 size-medium\" src=\"https:\/\/lernkreis-weinheim.de\/wp-content\/uploads\/2014\/12\/Pr\u00fcfungsvorbereitung-199x300.jpg\" alt=\"Pr\u00fcfungsvorbereitung\" width=\"199\" height=\"300\" srcset=\"https:\/\/lernkreis-weinheim.de\/wp-content\/uploads\/2014\/12\/Pr\u00fcfungsvorbereitung-199x300.jpg 199w, https:\/\/lernkreis-weinheim.de\/wp-content\/uploads\/2014\/12\/Pr\u00fcfungsvorbereitung-682x1024.jpg 682w, https:\/\/lernkreis-weinheim.de\/wp-content\/uploads\/2014\/12\/Pr\u00fcfungsvorbereitung.jpg 1333w\" sizes=\"(max-width: 199px) 100vw, 199px\" \/><\/a><span style=\"line-height: 1.3em;\">Der Unterricht selbst dient bereits als Vorbereitung auf die Pr\u00fcfungssituation: Angst, Stress und zitternde Knie werden schon hier gemindert. Unsere Dozenten k\u00f6nnen Sie aber dabei unterst\u00fctzen, diese Schreckgespenster zu vertreiben und die Pr\u00fcfungssituation erfolgreich zu meistern. Mit dem Aufbereiten der inhaltlichen Anforderungen gewinnen<\/span><span style=\"line-height: 1.3em;\">Sie an Selbstvertrauen und Sicherheit. Au\u00dferdem lernen Sie mit dem vorhandenen Zeitdruck umzugehen und effektiv auf einen bestimmten Punkt hinzuarbeiten &#8211; Sie k\u00f6nnen der bevorstehenden Pr\u00fcfung nun erfolgreich ins Auge sehen. Die Lerneinheiten finden nach Ihren individuellen W\u00fcnschen statt. Das vorhandene Wissen wird nun wiederholt und gefestigt, L\u00fccken geschlossen. Dabei ist es auch m\u00f6glich, vorgegebene Pr\u00fcfungsaufgaben oder Klausuren der vergangenen Jahre gemeinsam durchzuarbeiten.<\/span><\/p>\n<p><strong>Mittlerer Schulabschluss<\/strong><\/p>\n<p>In vielen Bundesl\u00e4ndern gibt es mittlerweile zentrale Pr\u00fcfungen zum Erreichen des mittleren Schulabschlusses bzw. der Fachoberschulreife am Ende der 10. Klasse. Die Sch\u00fcler\u00a0absolvieren\u00a0hierbei landesweit einheitliche Pr\u00fcfungen. Wir bieten kompetente Hilfe zur Vorbereitung auf diese Pr\u00fcfungen an.<\/p>\n<p><strong>Qualifizierender Hauptschulabschluss<\/strong><\/p>\n<p>Der qualifizierende Hauptschulabschluss bietet Hauptsch\u00fclern die M\u00f6glichkeit, eine spezielle 10. Klasse mit dem Ziel des mittleren Schulabschlusses zu besuchen. Als Voraussetzung muss ein gewisser Durchschnitt erreicht und eine zus\u00e4tzliche Pr\u00fcfung absolviert werden. Wir bieten spezielle Vorbereitungskurse f\u00fcr den qualifizierenden Hauptschulabschluss an.<\/p>\n<p><strong>Nachpr\u00fcfungskurse<\/strong><\/p>\n<p>Oft kann eine gef\u00e4hrdete Versetzung unter bestimmten Voraussetzungen doch noch erreicht werden. Wir helfen mit speziellen Nachpr\u00fcfungskursen, in denen wir gezielte Unterst\u00fctzung anbieten, um das Klassenziel doch noch zu erreichen.<\/p>\n<p>Nehmen Sie\u00a0online <a title=\"Kontakt\" href=\"https:\/\/lernkreis-weinheim.de\/index.php\/kontakt\/\">Kontakt<\/a>\u00a0mit uns auf<\/p>\n<p><strong style=\"line-height: 1.3em;\">Unterst\u00fctzung bei u.a.<\/strong><\/p>\n<p><img src=\"http:\/\/hd-sf.de\/hd\/images\/ok.png\" alt=\"\" \/>\u00a0Diagnose und Vergleich<span style=\"line-height: 1.3em;\">sarbeiten<\/span><\/p>\n<p><img src=\"http:\/\/hd-sf.de\/hd\/images\/ok.png\" alt=\"\" \/>\u00a0Zentrale Lehrstands Erhebung<\/p>\n<p><img src=\"http:\/\/hd-sf.de\/hd\/images\/ok.png\" alt=\"\" \/>\u00a0Gesamt-\/ Hauptschulabschluss<\/p>\n<p><img src=\"http:\/\/hd-sf.de\/hd\/images\/ok.png\" alt=\"\" \/>\u00a0Qualifizierter Hauptschulabschluss<\/p>\n<p><img src=\"http:\/\/hd-sf.de\/hd\/images\/ok.png\" alt=\"\" \/>\u00a0Realschulabschluss<\/p>\n<p><img src=\"http:\/\/hd-sf.de\/hd\/images\/ok.png\" alt=\"\" \/>\u00a0CrashAbitur-und Fachabitur<\/p>\n<p><img src=\"http:\/\/hd-sf.de\/hd\/images\/ok.png\" alt=\"\" \/>\u00a0Abschlusspr\u00fcfungen<\/p>\n<p>Mehr\u00a0Informationen zu den einzelnen Pr\u00fcfungen<\/p>\n<p>erhalten Sie von unserer Studioleitung vor Ort.<\/p>\n","protected":false},"excerpt":{"rendered":"<p>Der Unterricht selbst dient bereits als Vorbereitung auf die Pr\u00fcfungssituation: Angst, Stress und zitternde Knie werden schon hier gemindert. Unsere Dozenten k\u00f6nnen Sie aber dabei unterst\u00fctzen, diese Schreckgespenster zu vertreiben und die Pr\u00fcfungssituation erfolgreich zu meistern. Mit dem Aufbereiten der<\/p>\n","protected":false},"author":1,"featured_media":0,"parent":0,"menu_order":0,"comment_status":"closed","ping_status":"closed","template":"","meta":{"ngg_post_thumbnail":0},"_links":{"self":[{"href":"https:\/\/lernkreis-weinheim.de\/index.php\/wp-json\/wp\/v2\/pages\/240"}],"collection":[{"href":"https:\/\/lernkreis-weinheim.de\/index.php\/wp-json\/wp\/v2\/pages"}],"about":[{"href":"https:\/\/lernkreis-weinheim.de\/index.php\/wp-json\/wp\/v2\/types\/page"}],"author":[{"embeddable":true,"href":"https:\/\/lernkreis-weinheim.de\/index.php\/wp-json\/wp\/v2\/users\/1"}],"replies":[{"embeddable":true,"href":"https:\/\/lernkreis-weinheim.de\/index.php\/wp-json\/wp\/v2\/comments?post=240"}],"version-history":[{"count":6,"href":"https:\/\/lernkreis-weinheim.de\/index.php\/wp-json\/wp\/v2\/pages\/240\/revisions"}],"predecessor-version":[{"id":249,"href":"https:\/\/lernkreis-weinheim.de\/index.php\/wp-json\/wp\/v2\/pages\/240\/revisions\/249"}],"wp:attachment":[{"href":"https:\/\/lernkreis-weinheim.de\/index.php\/wp-json\/wp\/v2\/media?parent=240"}],"curies":[{"name":"wp","href":"https:\/\/api.w.org\/{rel}","templated":true}]}}