{"id":227,"date":"2014-12-12T15:48:16","date_gmt":"2014-12-12T13:48:16","guid":{"rendered":"http:\/\/lernkreis-weinheim.de\/?page_id=227"},"modified":"2015-12-09T17:06:49","modified_gmt":"2015-12-09T15:06:49","slug":"grundschule","status":"publish","type":"page","link":"https:\/\/lernkreis-weinheim.de\/index.php\/grundschule\/","title":{"rendered":"Grundschule"},"content":{"rendered":"<p><a title=\"Grundschule\" href=\"https:\/\/lernkreis-weinheim.de\/index.php\/grundschule\/\"><img loading=\"lazy\" class=\"alignleft wp-image-9 \" src=\"https:\/\/lernkreis-weinheim.de\/wp-content\/uploads\/2014\/07\/shutterstock_80756893-1024x365.jpg\" alt=\"shutterstock_80756893\" width=\"356\" height=\"127\" srcset=\"https:\/\/lernkreis-weinheim.de\/wp-content\/uploads\/2014\/07\/shutterstock_80756893-1024x365.jpg 1024w, https:\/\/lernkreis-weinheim.de\/wp-content\/uploads\/2014\/07\/shutterstock_80756893-300x107.jpg 300w, https:\/\/lernkreis-weinheim.de\/wp-content\/uploads\/2014\/07\/shutterstock_80756893.jpg 1400w\" sizes=\"(max-width: 356px) 100vw, 356px\" \/><\/a>Manche\u00a0Kinder\u00a0ben\u00f6tigen\u00a0bereits in der Grundschule Unterst\u00fctzung. Die Sch\u00fclerf\u00f6rderung zeigt Ihnen\u00a0diverse Lerntechniken und Konzentrations\u00fcbungen, so dass Sie sich\u00a0den gelernten Stoff besser einpr\u00e4gen k\u00f6nnen.<\/p>\n<p>Heutzutage ist es nicht un\u00fcblich, dass Kinder bereits im Grundschulalter von einer neutralen Person unterst\u00fctzt werden.\u00a0Durch die\u00a0steigende Konkurrenz unter Schulabg\u00e4ngern, einen guten Job zu erreichen, ist es immer wichtiger einen guten Schulabschluss vorzuweisen. In der Grundschule wird hierzu die Basis geschaffen, auf die in weitergehenden Schulen aufgebaut werden kann. Wenn Sie Ihrem Kind fr\u00fchzeitig helfen,\u00a0legen Sie somit den wichtigen\u00a0Grundstein f\u00fcr die sp\u00e4tere berufliche Laufbahn.<\/p>\n<p><span style=\"line-height: 1.3em;\">Nat\u00fcrlich unterscheidet sich die Nachhilfe im Bereich Grundschule von der\u00a0klassischen Nachhilfe. Die Kinder sollen\u00a0Spa\u00df am Lernen entwickeln und diesen auch behalten.\u00a0Aus diesem\u00a0Grund passen wir den\u00a0Unterricht genau\u00a0an die Bed\u00fcrfnisse Ihres Kindes an.\u00a0Spielerisch werden unklare Themen angeschnitten und auf einfache Art und Weise erkl\u00e4rt.<\/span><\/p>\n<p>Um sich einen besseren \u00dcberblick verschaffen zu k\u00f6nnen, vereinbaren Sie mit unserer Studioleitung vor Ort\u00a0ein kostenloses Beratungsgespr\u00e4ch.<\/p>\n<p><strong>Wichtige Lehrinhalte sind u.a.:<\/strong><\/p>\n<p><img src=\"http:\/\/hd-sf.de\/hd\/images\/ok.png\" alt=\"\" \/>\u00a0Sachkunde<\/p>\n<p style=\"text-align: left;\"><img src=\"http:\/\/hd-sf.de\/hd\/images\/ok.png\" alt=\"\" \/>\u00a0Mathematik<\/p>\n<p><img src=\"http:\/\/hd-sf.de\/hd\/images\/ok.png\" alt=\"\" \/>\u00a0Deutsch<\/p>\n<p><img src=\"http:\/\/hd-sf.de\/hd\/images\/ok.png\" alt=\"\" \/>\u00a0Englisch\/Franz\u00f6sisch (Alternativ<\/p>\n<p><strong>Unsere Leistungen:<\/strong><\/p>\n<ul>\n<li><span style=\"line-height: 1.3em;\">Vermittlung von Lerntechniken und Konzentrations\u00fcbungen<\/span><\/li>\n<li><span style=\"line-height: 1.3em;\">kostenlose Hausaufgabenbetreuung, Klausur- und Pr\u00fcfungsvorbereitung<\/span><\/li>\n<li><span style=\"line-height: 1.3em;\">gezielte F\u00f6rderung der Kinder<\/span><\/li>\n<li><span style=\"line-height: 1.3em;\">Unterricht in kleinen Gruppen mit maximal 7 Sch\u00fclerinnen und Sch\u00fclern<\/span><\/li>\n<li><span style=\"line-height: 1.3em;\">sozialp\u00e4dagogische Betreuung<\/span><\/li>\n<li><span style=\"line-height: 1.3em;\">kostenloser\u00a0 Motivationsunterricht f\u00fcr alle Klassenstufen<\/span><\/li>\n<\/ul>\n","protected":false},"excerpt":{"rendered":"<p>Manche\u00a0Kinder\u00a0ben\u00f6tigen\u00a0bereits in der Grundschule Unterst\u00fctzung. Die Sch\u00fclerf\u00f6rderung zeigt Ihnen\u00a0diverse Lerntechniken und Konzentrations\u00fcbungen, so dass Sie sich\u00a0den gelernten Stoff besser einpr\u00e4gen k\u00f6nnen. Heutzutage ist es nicht un\u00fcblich, dass Kinder bereits im Grundschulalter von einer neutralen Person unterst\u00fctzt werden.\u00a0Durch die\u00a0steigende Konkurrenz unter<\/p>\n","protected":false},"author":1,"featured_media":0,"parent":0,"menu_order":0,"comment_status":"closed","ping_status":"closed","template":"","meta":{"ngg_post_thumbnail":0},"_links":{"self":[{"href":"https:\/\/lernkreis-weinheim.de\/index.php\/wp-json\/wp\/v2\/pages\/227"}],"collection":[{"href":"https:\/\/lernkreis-weinheim.de\/index.php\/wp-json\/wp\/v2\/pages"}],"about":[{"href":"https:\/\/lernkreis-weinheim.de\/index.php\/wp-json\/wp\/v2\/types\/page"}],"author":[{"embeddable":true,"href":"https:\/\/lernkreis-weinheim.de\/index.php\/wp-json\/wp\/v2\/users\/1"}],"replies":[{"embeddable":true,"href":"https:\/\/lernkreis-weinheim.de\/index.php\/wp-json\/wp\/v2\/comments?post=227"}],"version-history":[{"count":11,"href":"https:\/\/lernkreis-weinheim.de\/index.php\/wp-json\/wp\/v2\/pages\/227\/revisions"}],"predecessor-version":[{"id":248,"href":"https:\/\/lernkreis-weinheim.de\/index.php\/wp-json\/wp\/v2\/pages\/227\/revisions\/248"}],"wp:attachment":[{"href":"https:\/\/lernkreis-weinheim.de\/index.php\/wp-json\/wp\/v2\/media?parent=227"}],"curies":[{"name":"wp","href":"https:\/\/api.w.org\/{rel}","templated":true}]}}