{"id":10,"date":"2014-07-12T12:32:29","date_gmt":"2014-07-12T10:32:29","guid":{"rendered":"http:\/\/lernkreis-weinheim.de\/?page_id=10"},"modified":"2015-12-09T17:17:50","modified_gmt":"2015-12-09T15:17:50","slug":"synergie-schuelerfoerderung-e-v","status":"publish","type":"page","link":"https:\/\/lernkreis-weinheim.de\/index.php\/synergie-schuelerfoerderung-e-v\/","title":{"rendered":"\u00dcber uns"},"content":{"rendered":"<p>Synergie Sch\u00fclerf\u00f6rderung e.V. ist ein eingetragener, gemeinn\u00fctziger Verein, der sich insbesondere der schulischen Erziehung, Bildung sowie dem kulturellen Austausch widmet. Ziel des Vereins ist es satzungsgem\u00e4\u00df, erg\u00e4nzend zur Schule, Sch\u00fclern und Eltern bei der L\u00f6sung schulischer und gesellschaftlicher Probleme eine konstruktive und nachhaltige Hilfe zu leisten. Im Zentrum der Aktivit\u00e4ten steht die Sch\u00fclerf\u00f6rderung durch Nachhilfekurse f\u00fcr Sch\u00fcler und Jugendliche unterschiedlicher Altersstufen (ab der 3.Klasse bis zum Abitur) und Schultypen in zentralen F\u00e4chern. Da eine ganzheitliche Betreuung von Sch\u00fclern angestrebt wird, befasst sich die Vereinsarbeit erg\u00e4nzend zur Nachhilfe in schulischen F\u00e4chern auch mit Hausaufgabenhilfe, Pr\u00fcfungsvorbereitungen, Lesestunden und Freizeitgestaltung.<\/p>\n<p>Wir vertreten die Auffassung, dass eine gute Bildung nur durch ein intensives Zusammenwirken von Schule, Umfeld und Familie erreicht werden kann. Daher ist die Information und Fortbildung der Eltern ebenfalls ein wesentlicher Teil der Vereinsarbeit. Dazu organisierten wir regelm\u00e4\u00dfige Elternabende, Elternseminare und Elternbesuche. Eltern sollen f\u00fcr die ehrenamtliche Arbeit motiviert werden. Die F\u00f6rderung des Ehrenamtes ist f\u00fcr die Vereinst\u00e4tigkeit erstrebenswert.<\/p>\n<p><strong>Bildung \/ Nachhilfe und St\u00fctzkurse \/ Hausaufgabenvorbereitung \/ Crash Kurse<\/strong><\/p>\n<p>Die Nachhilfekurse wurden in den Unterrichtsf\u00e4chern Deutsch, Englisch und Mathematik in kleinen Gruppen von 4 bis 7 Sch\u00fclern durchgef\u00fchrt. In Abh\u00e4ngigkeit der Nachfrage (min. 4er Klassen) wurden auch andere F\u00e4cher bzw. falls erw\u00fcnscht auch Einzelunterricht organisiert. Die Kurse besuchten Grund-, Haupt-, Real-, Berufsfachsch\u00fcler und Gymnasiasten. Um die Homogenit\u00e4t zu erhalten kamen \u00fcberwiegend Sch\u00fcler aus den gleichen Klassenstufen und gleichen Schularten zusammen. Die Nachhilfe fand an Werktagen zwischen 14.30 -19.30 Uhr und Samstags zwischen 10.30- 13.45 Uhr statt. Erg\u00e4nzend fand zweimal die Woche von 14.30 \u2013 17.30 eine kostenfreie Hausaufgabenbetreuung statt. Die Sch\u00fcler, die Schwierigkeiten bei den Hausaufgaben hatten, waren hier herzlich Willkommen. Zudem bekamen die Sch\u00fcler kostenlosen Einzelunterricht vor Pr\u00fcfungen, damit die letzten Unklarheiten noch beseitigt werden konnten. F\u00fcr die Sch\u00fcler, die massive Probleme beim Verstehen oder Umsetzten hatten, wurden Crash Kurse in den Ferien angeboten, damit der Unterrichtsstoff nachgeholt werden konnte.<\/p>\n<p><strong>Elternseminare \/ Elternabende \/ Erwachsenenbildung <\/strong><\/p>\n<p>In regelm\u00e4\u00dfigen Elternabenden wurde auf die Aufgaben und h\u00e4usliche Unterst\u00fctzung eingegangen. In Einzelgespr\u00e4chen konnten die Leistungen der Sch\u00fcler im Einzelnen besprochen und bewertet werden. Auf Wunsch wurden Schulbesuche vorgenommen, bei der mit den Klassenlehrern die Leistungen und Schw\u00e4chen der Sch\u00fcler besprochen wurden. Zudem wurde die so genannte \u201eMama-Papa-Schule\u201c (in den Vorjahren eingef\u00fchrt) fortgef\u00fchrt, d.h. Seminare f\u00fcr Eltern \/ Erwachsene zu denen ausgew\u00e4hlte Referenten eingeladen wurden, die Vortr\u00e4ge zu den Themen Bildung, Erziehung, Jugendpsychologie, Gesundheit etc. hielten. Der Schlussteil der Seminare konnte f\u00fcr Fragen oder Einzelgespr\u00e4che genutzt werden.<\/p>\n<p><strong>Lehrersitzungen <\/strong><\/p>\n<p>Um die Qualit\u00e4t des Unterrichts zu erh\u00f6hen traf man sich mit allen Lehrern ca. einmal im Monat. Dabei besprach man die Schwierigkeiten der Sch\u00fcler und deren Bew\u00e4ltigung. Gleichzeitig konnten gegenseitig Erfahrungen ausgetauscht werden. Jegliche Probleme die einzelne Sch\u00fcler betrafen, wurden einzeln besprochen.<\/p>\n<p><strong>Freizeitgestaltung \/ Ausfl\u00fcge<\/strong><\/p>\n<p>Zum Ausgleich und F\u00f6rderung der pers\u00f6nlichen Entfaltung, sowie der Entwicklung der sozialen Verantwortlichkeit, d.h. im Grunde zur Umsetzung der \u201eganzheitlichen\u201c Sch\u00fclerbetreuung wurden zahlreiche Aktivit\u00e4ten durchgef\u00fchrt. Dazu geh\u00f6rten Ausfl\u00fcge in Freizeitparks, wie z.B. zum Holiday-Park oder zum Europa-Park. Grillfeste wurden mehrmals im Jahr veranstaltet, an dem die Lehrer und auch Eltern mit den Sch\u00fclern teilnehmen und sich besser kennenlernen konnten. Altersheimbesuche fanden die Sch\u00fcler und Eltern auch sehr r\u00fchrend. In regelm\u00e4\u00dfig stattfindenden Sch\u00fcler-Gespr\u00e4chsrunden, den so genannten Teerunden\u201c hatten die Sch\u00fcler Gelegenheit \u00fcber andere Themen bzw. pers\u00f6nlichen Problemen mit den Betreuern zu sprechen. Auch Sportveranstaltungen, wie z.B. Fu\u00dfballturniere wurden durchgef\u00fchrt um die Teamf\u00e4higkeiten der Sch\u00fcler zu st\u00e4rken. In den Ferien fanden auch Lesekurse statt, die das Lese \u2013 und Verst\u00e4ndnisverm\u00f6gen der Kinder st\u00e4rken bzw. f\u00f6rdern sollte. Lesewettbewerbe und Quizveranstaltungen zu den gelesenen B\u00fcchern wurden ca. halbj\u00e4hrlich durchgef\u00fchrt. Die Teilnahme am Mathematik-Wettbewerb Pangea hat den Sch\u00fclern sehr viel Spa\u00df gemacht und die Interesse an Mathematik gesteigert. Zudem fanden zahlreiche Theater-und Kinobesuche mit den Sch\u00fclern statt.<\/p>\n<p><strong>Veranstaltungen \/ Theaterauff\u00fchrung <\/strong><\/p>\n<p>Um die Sch\u00fcler und Jugendliche in verschiedenen sozialen Bereichen zu f\u00f6rdern wurde am Ende des Schuljahres, B\u00fchnenveranstaltungen mit Theaterauff\u00fchrungen, Sketchen und Auszeichnung von Sch\u00fclern mit besonderen Leistungen (Notenverbesserungen, \u00dcbergang auf das Gymnasium \/ Realschule, Klassenbester, etc.) durchgef\u00fchrt. Die Sch\u00fcler- und Lehrerehrung motivierte die Sch\u00fcler und die Lehrkr\u00e4fte f\u00fcr das kommende Jahr.<\/p>\n<p><strong>Nachfolgend ersehen sie einige Projekte der Jahre 2005 -2014: <\/strong><\/p>\n<p>\u2022 Lesekurse in den Ferien<\/p>\n<p>\u2022 Fu\u00dfballturnier in Weinheim<\/p>\n<p>\u2022 Sommerkurse (Intensivkurse in Mathe Deutsch und Englisch)<\/p>\n<p>\u2022 Vereinsveranstaltung im Martin- Lutherhaus mit Theaterauff\u00fchrung von Synergiesch\u00fclern<\/p>\n<p>\u2022 Mama Papa Schule im Rolf- Engelbrecht -Haus<\/p>\n<p>\u2022 Elternseminar \u201eKinder-und Jugendpsychologie\u201c<\/p>\n<p>\u2022 Familienpicknick (j\u00e4hrlich) in Sulzbach<\/p>\n<p>\u2022 Theaterauff\u00fchrung im Martin- Luther- Haus<\/p>\n<p>\u2022 Elternseminar \u201eLernschwierigkeiten, Lernmethoden\u201c<\/p>\n<p>\u2022 Elternseminar \u201eMein Kind versteht mich nicht\u201c<\/p>\n<p>\u2022 Eltern und Sch\u00fclerseminar: \u201eErfolgsrezepte f\u00fcr die Schule\u201c<\/p>\n<p>\u2022 Teilnahme am Mathematikwettbewerb \u201cPangea\u201d<\/p>\n<p>\u2022 Ausflug in den Europapark<\/p>\n<p>\u2022 Altersheimbesuch am Valentinstag<\/p>\n<p>\u2022 Elternfr\u00fchst\u00fcck zum kennenlernen<\/p>\n<p>\u2022 Sch\u00fclerseminar ,,Lernmethoden und Techniken\u201d<\/p>\n<p>\u2022 Sch\u00fclerseminar ,,Gefahr und Sch\u00e4den des Drogenkonsums\u201d<\/p>\n<p>\u2022 etc.<\/p>\n","protected":false},"excerpt":{"rendered":"<p>Synergie Sch\u00fclerf\u00f6rderung e.V. ist ein eingetragener, gemeinn\u00fctziger Verein, der sich insbesondere der schulischen Erziehung, Bildung sowie dem kulturellen Austausch widmet. Ziel des Vereins ist es satzungsgem\u00e4\u00df, erg\u00e4nzend zur Schule, Sch\u00fclern und Eltern bei der L\u00f6sung schulischer und gesellschaftlicher Probleme eine<\/p>\n","protected":false},"author":1,"featured_media":0,"parent":0,"menu_order":0,"comment_status":"closed","ping_status":"closed","template":"","meta":{"ngg_post_thumbnail":0},"_links":{"self":[{"href":"https:\/\/lernkreis-weinheim.de\/index.php\/wp-json\/wp\/v2\/pages\/10"}],"collection":[{"href":"https:\/\/lernkreis-weinheim.de\/index.php\/wp-json\/wp\/v2\/pages"}],"about":[{"href":"https:\/\/lernkreis-weinheim.de\/index.php\/wp-json\/wp\/v2\/types\/page"}],"author":[{"embeddable":true,"href":"https:\/\/lernkreis-weinheim.de\/index.php\/wp-json\/wp\/v2\/users\/1"}],"replies":[{"embeddable":true,"href":"https:\/\/lernkreis-weinheim.de\/index.php\/wp-json\/wp\/v2\/comments?post=10"}],"version-history":[{"count":7,"href":"https:\/\/lernkreis-weinheim.de\/index.php\/wp-json\/wp\/v2\/pages\/10\/revisions"}],"predecessor-version":[{"id":111,"href":"https:\/\/lernkreis-weinheim.de\/index.php\/wp-json\/wp\/v2\/pages\/10\/revisions\/111"}],"wp:attachment":[{"href":"https:\/\/lernkreis-weinheim.de\/index.php\/wp-json\/wp\/v2\/media?parent=10"}],"curies":[{"name":"wp","href":"https:\/\/api.w.org\/{rel}","templated":true}]}}